e remainder when 968750 is divided by 35?
20
Calculate the remainder when 171914 is divided by 44.
6
Calculate the remainder when 202832 is divided by 578.
532
Calculate the remainder when 8650475 is divided by 287.
8
What is the remainder when 1155371 is divided by 13123?
547
Calculate the remainder when 8777639 is divided by 40.
39
Calculate the remainder when 10584357 is divided by 180.
177
What is the remainder when 130833 is divided by 8374?
5223
What is the remainder when 194328032 is divided by 193?
192
Calculate the remainder when 31798682 is divided by 37.
31
What is the remainder when 29917609 is divided by 2063?
2046
Calculate the remainder when 102939112 is divided by 44.
12
What is the remainder when 4684972 is divided by 1171236?
28
What is the remainder when 2509313 is divided by 45623?
48
Calculate the remainder when 23798141 is divided by 11899066.
9
What is the remainder when 2457 is divided by 1950?
507
Calculate the remainder when 31990 is divided by 1245.
865
Calculate the remainder when 494793 is divided by 6510.
33
Calculate the remainder when 85596922 is divided by 1403228.
14
Calculate the remainder when 3688583 is divided by 205.
18
What is the remainder when 6401 is divided by 349?
119
What is the remainder when 8202335 is divided by 44?
31
Calculate the remainder when 132307168 is divided by 7350398.
4
What is the remainder when 18317 is divided by 179?
59
What is the remainder when 85209698 is divided by 9467744?
2
Calculate the remainder when 1934491 is divided by 42052.
99
What is the remainder when 21824175 is divided by 4364832?
15
What is the remainder when 54102 is divided by 6695?
542
What is the remainder when 17303407 is divided by 106?
73
What is the remainder when 157533 is divided by 38501?
3529
What is the remainder when 605436 is divided by 1089?
1041
Calculate the remainder when 4745313 is divided by 27.
9
Calculate the remainder when 187049 is divided by 14352.
473
Calculate the remainder when 31070 is divided by 403.
39
What is the remainder when 11718 is divided by 3728?
534
What is the remainder when 25917 is divided by 1349?
286
Calculate the remainder when 4930269 is divided by 1320.
69
What is the remainder when 1162092 is divided by 2690?
12
Calculate the remainder when 4027567 is divided by 21.
19
What is the remainder when 2074413 is divided by 592?
45
What is the remainder when 593872253 is divided by 102?
101
What is the remainder when 356250 is divided by 118356?
1182
What is the remainder when 736319 is divided by 1124?
99
What is the remainder when 55824 is divided by 27368?
1088
What is the remainder when 552158 is divided by 17810?
48
Calculate the remainder when 2918963 is divided by 94159.
34
Calculate the remainder when 25439456 is divided by 856.
848
Calculate the remainder when 5247612 is divided by 27331.
60
Calculate the remainder when 56224 is divided by 18456.
856
What is the remainder when 72963 is divided by 1210?
363
Calculate the remainder when 5385111 is divided by 700.
11
What is the remainder when 9971132 is divided by 8?
4
What is the remainder when 120856721 is divided by 1510709?
1
What is the remainder when 18872581 is divided by 38?
33
What is the remainder when 270236 is divided by 17800?
3236
What is the remainder when 892262 is divided by 47?
14
Calculate the remainder when 7046979 is divided by 782996.
15
Calculate the remainder when 13254487 is divided by 731.
726
What is the remainder when 411138 is divided by 53?
17
What is the remainder when 2027084 is divided by 8662?
176
What is the remainder when 155513 is divided by 50565?
3818
What is the remainder when 732548 is divided by 366040?
468
What is the remainder when 507826 is divided by 253550?
726
Calculate the remainder when 1333176 is divided by 666221.
734
Calculate the remainder when 802982116 is divided by 2759.
2756
What is the remainder when 864488 is divided by 618?
524
What is the remainder when 2680332 is divided by 252?
60
What is the remainder when 7778095 is divided by 1944466?
231
What is the remainder when 28226553 is divided by 27?
24
What is the remainder when 156423 is divided by 7386?
1317
What is the remainder when 46704525 is divided by 18?
15
What is the remainder when 10677455 is divided by 280?
215
What is the remainder when 204084 is divided by 34009?
30
Calculate the remainder when 1235387 is divided by 550.
87
What is the remainder when 1184796 is divided by 394761?
513
Calculate the remainder when 541634 is divided by 2821.
2
What is the remainder when 66171 is divided by 13155?
396
Calculate the remainder when 4793590 is divided by 104208.
22
Calculate the remainder when 747361 is divided by 124547.
79
What is the remainder when 20896310 is divided by 2553?
5
Calculate the remainder when 13158529 is divided by 1387.
60
What is the remainder when 212686 is divided by 13088?
3278
Calculate the remainder when 8324846 is divided by 104.
62
What is the remainder when 1416258 is divided by 52402?
1404
Calculate the remainder when 28619 is divided by 771.
92
Calculate the remainder when 396834 is divided by 2525.
409
Calculate the remainder when 15081039 is divided by 29.
24
Calculate the remainder when 57794899 is divided by 978.
967
Calculate the remainder when 9240658 is divided by 495.
493
What is the remainder when 6030664 is divided by 1507621?
180
Calculate the remainder when 55255808 is divided by 655.
8
Calculate the remainder when 100414 is divided by 3118.
638
What is the remainder when 12666329 is divided by 69?
68
What is the remainder when 17782515 is divided by 3556490?
65
Calculate the remainder when 4205087 is divided by 280335.
62
What is the remainder when 4169751 is divided by 124?
3
What is the remainder when 929677 is divided by 11337?
43
Calculate the remainder when 925674492 is divided by 419.
418
Calculate the remainder when 342417152 is divided by 507.
506
Calculate the remainder when 64639 is divided by 982.
809
What is the remainder when 10311296 is divided by 134?
130
Calculate the remainder when 31145159 is divided by 917.
171
Calculate the remainder when 13062009 is divided by 1343.
1334
Calculate the remainder when 446264 is divided by 3628.
20
What is the remainder when 153043 is divided by 1968?
1507
What is the remainder when 98028411 is divided by 84?
75
Calculate the remainder when 28864 is divided by 14430.
4
What is the remainder when 2406896 is divided by 2914?
2846
What is the remainder when 6671056 is divided by 1667752?
48
What is the remainder when 17994616 is divided by 1957?
1
Calculate the remainder when 8321 is divided by 1883.
789
What is the remainder when 7526692 is divided by 275?
217
What is the remainder when 417999 is divided by 2235?
54
Calculate the remainder when 941497 is divided by 68.
37
What is the remainder when 16058385 is divided by 41?
38
What is the remainder when 270633 is divided by 101?
54
What is the remainder when 3100442 is divided by 190?
22
What is the remainder when 7687721 is divided by 1150?
1121
Calculate the remainder when 641289 is divided by 1520.
1369
Calculate the remainder when 1893999 is divided by 852.
3
Calculate the remainder when 10217 is divided by 9364.
853
Calculate the remainder when 30523 is divided by 883.
501
What is the remainder when 17092667 is divided by 2787?
2783
Calculate the remainder when 33375371 is divided by 157.
154
What is the remainder when 643150 is divided by 7841?
188
Calculate the remainder when 2745947 is divided by 2656.
2299
What is the remainder when 28553 is divided by 13716?
1121
Calculate the remainder when 231754211 is divided by 4370.
1
What is the remainder when 3498344 is divided by 437257?
288
Calculate the remainder when 19083921 is divided by 6174.
87
What is the remainder when 70144 is divided by 9654?
2566
What is the remainder when 1809915 is divided by 603303?
6
Calculate the remainder when 2272657 is divided by 18042.
17407
What is the remainder when 2314836 is divided by 29?
27
What is the remainder when 31024 is divided by 9734?
1822
Calculate the remainder when 9623277 is divided by 202.
199
Calculate the remainder when 9625502 is divided by 97.
95
Calculate the remainder when 37567 is divided by 17268.
3031
What is the remainder when 83309 